rime factors of 13815187?
127, 181, 601
What are the prime factors of 3944001?
3, 19, 69193
List the prime factors of 1143408.
2, 3, 7, 41, 83
List the prime factors of 5873690.
2, 5, 61, 9629
List the prime factors of 110382.
2, 3, 18397
List the prime factors of 1851850.
2, 5, 7, 11, 13, 37
What are the prime factors of 14621642?
2, 7, 1013, 1031
List the prime factors of 417935.
5, 7, 11941
List the prime factors of 220350.
2, 3, 5, 13, 113
What are the prime factors of 218200?
2, 5, 1091
What are the prime factors of 110953?
181, 613
What are the prime factors of 3196381?
3196381
List the prime factors of 6373538.
2, 17, 31, 6047
List the prime factors of 2471084.
2, 7, 11, 71, 113
What are the prime factors of 19873581?
3, 7, 13, 72797
What are the prime factors of 200251?
43, 4657
What are the prime factors of 1546571?
13, 118967
List the prime factors of 4088050.
2, 5, 81761
List the prime factors of 8234144.
2, 19, 29, 467
What are the prime factors of 1330787?
1330787
List the prime factors of 10988267.
10988267
List the prime factors of 1096480.
2, 5, 7, 11, 89
List the prime factors of 1954044.
2, 3, 37, 163
What are the prime factors of 2310194?
2, 1155097
List the prime factors of 203692.
2, 50923
What are the prime factors of 300877?
300877
List the prime factors of 585066.
2, 3, 97511
What are the prime factors of 101527?
101527
What are the prime factors of 2190773?
13, 17, 23, 431
What are the prime factors of 157388?
2, 7, 11, 73
List the prime factors of 522935.
5, 7, 67, 223
What are the prime factors of 206292?
2, 3, 17191
What are the prime factors of 7342231?
13, 191, 2957
List the prime factors of 1063588.
2, 17, 15641
List the prime factors of 158267.
101, 1567
List the prime factors of 8453551.
1571, 5381
List the prime factors of 2471281.
23, 139, 773
What are the prime factors of 959934?
2, 3, 139, 1151
What are the prime factors of 23111535?
3, 5, 947, 1627
List the prime factors of 1186919.
263, 4513
List the prime factors of 914236.
2, 228559
List the prime factors of 420465.
3, 5, 28031
What are the prime factors of 19249181?
7, 2749883
List the prime factors of 3981823.
3981823
What are the prime factors of 81842?
2, 151, 271
List the prime factors of 64114.
2, 32057
What are the prime factors of 180234?
2, 3, 17, 19, 31
What are the prime factors of 171237?
3, 11, 5189
List the prime factors of 694005.
3, 5, 13, 3559
What are the prime factors of 325305?
3, 5, 7229
What are the prime factors of 225002?
2, 112501
What are the prime factors of 1206809?
1206809
What are the prime factors of 14281571?
41, 163, 2137
List the prime factors of 391012.
2, 67, 1459
What are the prime factors of 583160?
2, 5, 61, 239
What are the prime factors of 22530214?
2, 7, 1609301
List the prime factors of 105507.
3, 19, 617
What are the prime factors of 422923?
422923
List the prime factors of 615598.
2, 31, 9929
List the prime factors of 1099324.
2, 274831
What are the prime factors of 101592?
2, 3, 17, 83
List the prime factors of 22930811.
769, 29819
List the prime factors of 306262.
2, 11, 13921
What are the prime factors of 486156?
2, 3, 11, 29, 127
List the prime factors of 635124.
2, 3, 7, 7561
What are the prime factors of 655?
5, 131
What are the prime factors of 35224258?
2, 17612129
List the prime factors of 1665703.
13, 37, 3463
List the prime factors of 1920400.
2, 5, 4801
List the prime factors of 160227.
3, 19, 937
List the prime factors of 385237.
17, 31, 43
List the prime factors of 26225.
5, 1049
What are the prime factors of 100830?
2, 3, 5, 3361
What are the prime factors of 452511?
3, 137, 367
List the prime factors of 187087.
61, 3067
List the prime factors of 10708134.
2, 3, 19, 29, 41, 79
What are the prime factors of 3735569?
3735569
What are the prime factors of 1970544?
2, 3, 61, 673
What are the prime factors of 10812697?
7, 17, 90863
What are the prime factors of 7645979?
11, 695089
What are the prime factors of 3562140?
2, 3, 5, 59369
List the prime factors of 1418579.
1418579
List the prime factors of 2304462.
2, 3, 23, 16699
What are the prime factors of 3818253?
3, 23, 55337
List the prime factors of 81906.
2, 3, 11, 17, 73
What are the prime factors of 4647539?
13, 357503
What are the prime factors of 6270411?
3, 7, 47, 6353
What are the prime factors of 17013311?
7, 17, 142969
What are the prime factors of 24485184?
2, 3, 42509
List the prime factors of 18994055.
5, 97, 39163
List the prime factors of 2083686.
2, 3, 11, 131, 241
List the prime factors of 264237.
3, 88079
List the prime factors of 460119.
3, 11, 73, 191
What are the prime factors of 2047653?
3, 181, 419
List the prime factors of 1306340.
2, 5, 7, 31, 43
What are the prime factors of 581529?
3, 13, 31, 37
What are the prime factors of 452990?
2, 5, 97, 467
What are the prime factors of 32529?
3, 7, 1549
List the prime factors of 261821.
7, 113, 331
What are the prime factors of 712396?
2, 241, 739
List the prime factors of 1340924.
2, 13, 107, 241
List the prime factors of 44306.
2, 22153
List the prime factors of 1561550.
2, 5, 31231
List the prime factors of 23234925.
3, 5, 7, 44257
List the prime factors of 2750342.
2, 7, 196453
List the prime factors of 3161939.
11, 287449
What are the prime factors of 4805526?
2, 3, 11, 17, 4283
List the prime factors of 28289.
28289
What are the prime factors of 1620322?
2, 11, 73651
List the prime factors of 310700.
2, 5, 13, 239
List the prime factors of 409956.
2, 3, 127, 269
What are the prime factors of 634336?
2, 43, 461
What are the prime factors of 6101130?
2, 3, 5, 7, 17, 1709
List the prime factors of 1201532.
2, 131, 2293
List the prime factors of 1825822.
2, 912911
List the prime factors of 1789748.
2, 257, 1741
What are the prime factors of 428211?
3, 7, 971
List the prime factors of 921617.
53, 17389
List the prime factors of 406767.
3, 135589
What are the prime factors of 48494?
2, 24247
What are the prime factors of 27865058?
2, 13, 19, 4339
List the prime factors of 235632.
2, 3, 4909
What are the prime factors of 12095642?
2, 13, 31, 43, 349
List the prime factors of 455214.
2, 3, 75869
List the prime factors of 3775755.
3, 5, 151, 1667
List the prime factors of 3276104.
2, 13, 17, 109
What are the prime factors of 3046036?
2, 7, 15541
What are the prime factors of 335637?
3, 31, 401
List the prime factors of 2475758.
2, 59, 20981
What are the prime factors of 11564380?
2, 5, 61, 9479
List the prime factors of 156211.
11, 1291
List the prime factors of 9468130.
2, 5, 7, 41, 3299
List the prime factors of 1238914.
2, 19, 32603
What are the prime factors of 903655?
5, 180731
List the prime factors of 91300.
2, 5, 11, 83
List the prime factors of 19199857.
347, 55331
List the prime factors of 29125203.
3, 2393, 4057
What are the prime factors of 20558257?
43, 478099
List the prime factors of 3408060.
2, 3, 5, 79, 719
What are the prime factors of 33298?
2, 16649
List the prime factors of 9031886.
2, 4515943
What are the prime factors of 37742441?
11, 271, 1151
What are the prime factors of 804929?
804929
List the prime factors of 404081.
404081
List the prime factors of 3625052.
2, 906263
What are the prime factors of 111212?
2, 27803
What are the prime factors of 406416?
2, 3, 8467
List the prime factors of 2864815.
5, 572963
List the prime factors of 620551.
17, 173, 211
List the prime factors of 13363584.
2, 3, 13, 2677
What are the prime factors of 4346128?
2, 61, 73
What are the prime factors of 3310698?
2, 3, 29, 53, 359
What are the prime factors of 4194483?
3, 1398161
What are the prime factors of 140145?
3, 5, 9343
What are the prime factors of 2093138?
2, 23, 45503
What are the prime factors of 445865?
5, 7, 12739
What are the prime factors of 1243712?
2, 19433
List the prime factors of 5598759.
3, 307, 6079
What are the prime factors of 983563?
7, 71, 1979
List the prime factors of 628749.
3, 11, 29, 73
List the prime factors of 963523.
11, 7963
What are the prime factors of 419149?
349, 1201
What are the prime factors of 4029715?
5, 23, 67, 523
What are the prime factors of 282733?
11, 25703
What are the prime factors of 2202567?
3, 734189
List the prime factors of 353126.
2, 383, 461
What are the prime factors of 534439?
534439
List the prime factors of 13344